
What is -322031 (base 6) in base 16?
-6703
-150b (base 12) to base 16
-99b
What is -173 (base 8) in base 7?
-234
What is 3495 (base 12) in base 14?
21d7
What is 101202010 (base 3) in base 14?
2bd7
232 (base 8) to base 9
181
Convert -2361 (base 9) to base 8.
-3334
What is -1652 (base 16) in base 4?
-1121102
Convert -46f (base 16) to base 4.
-101233
Convert -88 (base 14) to base 8.
-170
a78 (base 11) to base 14
687
What is 2911 (base 14) in base 11?
5507
What is -2312322 (base 4) in base 10?
-11706
Convert -6363 (base 8) to base 3.
-11112210
Convert 582 (base 10) to base 7.
1461
-1010101101010110 (base 2) to base 6
-535022
11000000011 (base 2) to base 16
603
1124222 (base 5) to base 13
9489
Convert c189 (base 14) to base 5.
2030440
-21112 (base 4) to base 13
-370
Convert -148d (base 15) to base 13.
-2011
-30210231 (base 4) to base 14
-14aa9
Convert 110220121 (base 3) to base 2.
10010011000100
What is 722 (base 10) in base 8?
1322
-2165 (base 8) to base 3
-1120021
-754 (base 15) to base 10
-1654
Convert 101011100001 (base 2) to base 10.
2785
Convert 164 (base 8) to base 12.
98
-12166 (base 7) to base 4
-301300
What is cc9 (base 14) in base 11?
199a
-482 (base 9) to base 6
-1502
17b89 (base 12) to base 11
23a33
What is 45a (base 13) in base 16?
2ef
Convert 1558 (base 13) to base 7.
12040
What is -2a2 (base 14) in base 8?
-1026
What is 331 (base 14) in base 12?
447
Convert -101211 (base 3) to base 13.
-196
What is 1233312 (base 4) in base 5?
212113
-4cc3 (base 16) to base 13
-8c38
Convert 401 (base 12) to base 16.
241
Convert 11241 (base 5) to base 16.
335
What is 276 (base 8) in base 13?
118
-11001010 (base 2) to base 14
-106
Convert -11564 (base 7) to base 13.
-14c6
What is 37524 (base 8) in base 3?
211020110
22133 (base 5) to base 12
a87
-1050 (base 10) to base 16
-41a
ba (base 13) to base 12
109
Convert 3322 (base 12) to base 10.
5642
7644 (base 13) to base 14
5dcd
What is 112022222 (base 3) in base 10?
10448
40214 (base 5) to base 7
10314
What is 24c3 (base 16) in base 5?
300121
-13732 (base 8) to base 11
-4651
Convert 125366 (base 7) to base 2.
101101111011111
What is 1526 (base 9) in base 11?
963
What is 1955 (base 11) in base 14?
c92
302 (base 12) to base 11
365
What is -4786 (base 10) in base 16?
-12b2
Convert 1642 (base 7) to base 13.
3c4
-dc4 (base 14) to base 5
-41340
Convert 1034 (base 9) to base 10.
760
Convert -110010120 (base 3) to base 11.
-6710
What is -22314 (base 5) in base 16?
-630
2020 (base 3) to base 9
66
Convert -101111010100 (base 2) to base 8.
-5724
50b7 (base 14) to base 2
11011000111001
What is -500422 (base 6) in base 13?
-149cc
13201 (base 4) to base 3
122211
310520 (base 6) to base 5
1243231
Convert -123121 (base 4) to base 5.
-24003
What is 46 (base 12) in base 10?
54
What is -17bc (base 13) in base 2?
-110111001111
What is -110201212 (base 3) in base 6?
-110552
Convert 863 (base 10) to base 7.
2342
1143 (base 6) to base 10
279
What is -2a39 (base 11) in base 2?
-111101001010
37370 (base 8) to base 9
24101
16313 (base 13) to base 7
234140
c4c (base 16) to base 7
12115
-b35 (base 13) to base 8
-3557
What is 1262 (base 12) in base 5?
31330
Convert -4046 (base 10) to base 14.
-1690
-2182 (base 9) to base 2
-11001001101
What is -614 (base 16) in base 13?
-929
Convert 723 (base 13) to base 2.
10010111100
What is -27467 (base 8) in base 9?
-17520
37675 (base 8) to base 6
203313
What is 123 (base 5) in base 7?
53
-1409 (base 11) to base 8
-3440
What is -1b9 (base 13) in base 12?
-229
-24 (base 14) to base 10
-32
1234 (base 12) to base 16
808
Convert -87 (base 9) to base 13.
-61
Convert -3478 (base 10) to base 15.
-106d
What is 4192 (base 10) in base 6?
31224
Convert a15 (base 14) to base 8.
3673
Convert a35 (base 13) to base 4.
123012
-11342 (base 5) to base 16
-34f
What is 1533 (base 7) in base 6?
2500
What is d7a7 (base 15) in base 12?
22487
Convert 18a1 (base 11) to base 3.
10022021
Convert -351 (base 16) to base 14.
-449
What is -3b33 (base 16) in base 15?
-4755
Convert 28b8 (base 13) to base 6.
43145
Convert 980 (base 10) to base 3.
1100022
What is 140 (base 14) in base 10?
252
1501 (base 6) to base 7
1105
Convert -121232 (base 6) to base 7.
-43061
What is -4134 (base 5) in base 16?
-220
What is -862 (base 9) in base 12?
-4a8
What is 10601 (base 12) in base 14?
7c2d
3001 (base 6) to base 3
220001
What is -1045 (base 6) in base 3?
-100002
Convert 2011102 (base 3) to base 7.
4412
What is 37c (base 14) in base 9?
855
-4101 (base 5) to base 9
-644
What is -1312033 (base 4) in base 7?
-31030
23858 (base 9) to base 4
3322022
Convert -14430 (base 5) to base 8.
-2330
Convert -3555 (base 7) to base 13.
-7a1
What is 1033 (base 12) in base 16?
6e7
Convert 133 (base 15) to base 2.
100010001
Convert -2422 (base 5) to base 11.
-2aa
What is 156424 (base 7) in base 13?
111c1
-386 (base 11) to base 3
-121221
What is -220040 (base 5) in base 12?
-4428
Convert 6721 (base 8) to base 12.
2069
Convert 1507 (base 15) to base 4.
1012123
-245 (base 11) to base 15
-146
What is -340 (base 13) in base 5?
-4214
What is -12622 (base 7) in base 6?
-23421
Convert 46473 (base 8) to base 11.
13944
What is 8098 (base 12) in base 2?
11011001110100
61343 (base 9) to base 10
40377
11031 (base 12) to base 15
6a01
What is -523 (base 10) in base 5?
-4043
Convert -7896 (base 10) to base 2.
-1111011011000
Convert 712 (base 8) to base 12.
322
What is -1169 (base 10) in base 16?
-491
What is 5373 (base 10) in base 4?
1103331
Convert 5813 (base 14) to base 6.
154505
-23070 (base 12) to base 10
-46740
Convert -1100201 (base 3) to base 5.
-12431
What is -43320 (base 9) in base 8?
-70024
Convert -125 (base 12) to base 5.
-1143
What is -4430122 (base 5) in base 14?
-2005a
Convert 223422 (base 5) to base 12.
4757
Convert 5aa (base 11) to base 14.
39b
Convert -1110000 (base 3) to base 4.
-100131
-11555 (base 6) to base 10
-1727
Convert 1000000010000101 (base 2) to base 9.
50116
What is 10111211 (base 4) in base 3?
220100222
882 (base 9) to base 12
502
-45460 (base 9) to base 16
-763b
1573 (base 9) to base 2
10010110000
-2a0 (base 11) to base 13
-211
Convert -1356 (base 15) to base 12.
-2483
Convert 8498 (base 14) to base 10.
22870
-8180 (base 12) to base 16
-36f0
What is 9ca3 (base 14) in base 15?
80cb
What is 96 (base 14) in base 2?
10000100
What is -31742 (base 8) in base 2?
-11001111100010
1f5 (base 16) to base 8
765
52003 (base 7) to base 16
3196
What is 1f2b (base 16) in base 14?
2c9d
51dd (base 15) to base 6
212044
What is 23039 (base 10) in base 14?
8579
-3334 (base 7) to base 11
-9a2
Convert -607 (base 16) to base 11.
-1183
What is 1474 (base 12) in base 14?
c2c
What is 51a (base 15) in base 7?
3232
-1312 (base 8) to base 3
-222110
Convert 13321 (base 5) to base 9.
1436
Convert 8c0 (base 16) to base 8.
4300
Convert -2003 (base 4) to base 2.
-10000011
548a7 (base 11) to base 6
1412330
What is 1857 (base 9) in base 7?
4111
Convert -336 (base 14) to base 5.
-10021
Convert -1101010001100 (base 2) to base 13.
-312a
Convert -1240041 (base 5) to base 13.
-b148
What is -6d7 (base 15) in base 5?
-22202
What is -31535 (base 9) in base 10?
-20849
-550 (base 11) to base 5
-10120
What is 742 (base 12) in base 15?
4a8
2162 (base 7) to base 2
1100001011
-110005 (base 7) to base 12
-b151
Convert -24a (base 14) to base 12.
-322
-101102 (base 4) to base 12
-782
-3681 (base 13) to base 2
-1111000011110
What is -13303 (base 4) in base 5?
-3444
What is 2998 (base 13) in base 2?
1011110011000
Convert 2ab (base 15) to base 5.
4421
1154 (base 13) to base 6
15135
What is -a8c (base 14) in base 13?
-c44
246065 (base 7) to base 6
545455
What is -21001011 (base 3) in base 15?
-17c4
What is -9e23 (base 15) in base 5?
-2033213
What is 42846 (base 9) in base 2?
110111011101000
Convert 3a5 (base 13) to base 14.
33c
What is 3757 (base 8) in base 12?
1213
Convert -6d31 (base 16) to base 11.
-1a002
What is -31344 (base 5) in base 15?
-94e
-110011110110100 (base 2) to base 13
-c112
What is 143525 (base 7) in base 5?
1341304
What is -27052 (base 12) in base 13?
-1b545
Convert -127532 (base 8) to base 14.
-12506
122120 (base 4) to base 9
2275
What is -1366 (base 7) in base 13?
-325
Convert -544 (base 12) to base 5.
-11042
Convert -24003 (base 6) to base 5.
-102314
Convert -d4b (base 16) to ba